{"id":34,"date":"2014-05-06T09:57:58","date_gmt":"2014-05-06T09:57:58","guid":{"rendered":"http:\/\/plmacademy.estg.ipleiria.pt\/?page_id=34"},"modified":"2014-05-07T00:08:55","modified_gmt":"2014-05-07T00:08:55","slug":"nx","status":"publish","type":"page","link":"https:\/\/plmacademy.estg.ipleiria.pt\/?page_id=34","title":{"rendered":"NX"},"content":{"rendered":"<p style=\"text-align: justify\">Adoptado por mais de 18.000 empresas em todo o mundo, o Siemens NX \u00e9 a mais completa e avan\u00e7ada solu\u00e7\u00e3o para o desenvolvimento de produtos, integrando de maneira in\u00e9dita, an\u00e1lise, desenho industrial, engenharia e fabrica\u00e7\u00e3o.<\/p>\n<p>O Siemens NX oferece avan\u00e7adas ferramentas para engenharia inversa e digitaliza\u00e7\u00e3o de modelos f\u00edsicos, edi\u00e7\u00e3o interactiva de superf\u00edcies, visualiza\u00e7\u00e3o, anima\u00e7\u00e3o e apresenta\u00e7\u00e3o de novos produtos. Al\u00e9m disso, os modelos conceptuais podem ser imediatamente aproveitados em processos de engenharia e fabrico, evitando assim problemas relacionados com tradu\u00e7\u00f5es entre programas, facilitando o desenvolvimento de produtos complexos com milhares de componentes de diversos fornecedores, desde o conceito at\u00e9 ao fabrico.<\/p>\n<div><\/div>\n<p>&nbsp;<\/p>\n<div><a href=\"http:\/\/www.plmacademy.estg.ipleiria.pt\/files\/2014\/05\/plmacad_pc_background11.jpg\"><img loading=\"lazy\" decoding=\"async\" class=\"aligncenter size-large wp-image-79\" alt=\"plmacad_pc_background1\" src=\"http:\/\/www.plmacademy.estg.ipleiria.pt\/files\/2014\/05\/plmacad_pc_background11-1024x576.jpg\" width=\"608\" height=\"342\" srcset=\"https:\/\/plmacademy.estg.ipleiria.pt\/files\/2014\/05\/plmacad_pc_background11-1024x576.jpg 1024w, https:\/\/plmacademy.estg.ipleiria.pt\/files\/2014\/05\/plmacad_pc_background11-300x168.jpg 300w, https:\/\/plmacademy.estg.ipleiria.pt\/files\/2014\/05\/plmacad_pc_background11.jpg 1600w\" sizes=\"auto, (max-width: 608px) 100vw, 608px\" \/><\/a><\/div>\n","protected":false},"excerpt":{"rendered":"<p>Adoptado por mais de 18.000 empresas em todo o mundo, o Siemens NX \u00e9 a mais completa e avan\u00e7ada solu\u00e7\u00e3o para o desenvolvimento de produtos, integrando de maneira in\u00e9dita, an\u00e1lise, desenho industrial, engenharia e fabrica\u00e7\u00e3o. O Siemens NX oferece avan\u00e7adas ferramentas para engenharia inversa e digitaliza\u00e7\u00e3o de modelos f\u00edsicos, edi\u00e7\u00e3o interactiva de superf\u00edcies, visualiza\u00e7\u00e3o, anima\u00e7\u00e3o<\/p>\n<p><a href=\"https:\/\/plmacademy.estg.ipleiria.pt\/?page_id=34\">Read More\u2026<\/a><\/p>\n","protected":false},"author":76,"featured_media":0,"parent":25,"menu_order":2,"comment_status":"open","ping_status":"open","template":"","meta":{"footnotes":""},"class_list":["post-34","page","type-page","status-publish","hentry"],"_links":{"self":[{"href":"https:\/\/plmacademy.estg.ipleiria.pt\/index.php?rest_route=\/wp\/v2\/pages\/34","targetHints":{"allow":["GET"]}}],"collection":[{"href":"https:\/\/plmacademy.estg.ipleiria.pt\/index.php?rest_route=\/wp\/v2\/pages"}],"about":[{"href":"https:\/\/plmacademy.estg.ipleiria.pt\/index.php?rest_route=\/wp\/v2\/types\/page"}],"author":[{"embeddable":true,"href":"https:\/\/plmacademy.estg.ipleiria.pt\/index.php?rest_route=\/wp\/v2\/users\/76"}],"replies":[{"embeddable":true,"href":"https:\/\/plmacademy.estg.ipleiria.pt\/index.php?rest_route=%2Fwp%2Fv2%2Fcomments&post=34"}],"version-history":[{"count":9,"href":"https:\/\/plmacademy.estg.ipleiria.pt\/index.php?rest_route=\/wp\/v2\/pages\/34\/revisions"}],"predecessor-version":[{"id":115,"href":"https:\/\/plmacademy.estg.ipleiria.pt\/index.php?rest_route=\/wp\/v2\/pages\/34\/revisions\/115"}],"up":[{"embeddable":true,"href":"https:\/\/plmacademy.estg.ipleiria.pt\/index.php?rest_route=\/wp\/v2\/pages\/25"}],"wp:attachment":[{"href":"https:\/\/plmacademy.estg.ipleiria.pt\/index.php?rest_route=%2Fwp%2Fv2%2Fmedia&parent=34"}],"curies":[{"name":"wp","href":"https:\/\/api.w.org\/{rel}","templated":true}]}}