{"id":89,"date":"2014-05-06T23:30:07","date_gmt":"2014-05-06T23:30:07","guid":{"rendered":"http:\/\/plmacademy.estg.ipleiria.pt\/?page_id=89"},"modified":"2014-05-06T23:39:48","modified_gmt":"2014-05-06T23:39:48","slug":"tecnomatix","status":"publish","type":"page","link":"https:\/\/plmacademy.estg.ipleiria.pt\/?page_id=89","title":{"rendered":"Tecnomatix"},"content":{"rendered":"<p>Tecnomatix \u00e9 um conjunto abrangente de solu\u00e7\u00f5es de produ\u00e7\u00e3o digital que oferecem inova\u00e7\u00e3o, permitindo a liga\u00e7\u00e3o de todas as \u00e1reas de fabrica\u00e7\u00e3o com a engenharia de produto &#8211; desde o layout, design, simula\u00e7\u00e3o e valida\u00e7\u00e3o de processo at\u00e9 \u00e0 execu\u00e7\u00e3o da produ\u00e7\u00e3o.<\/p>\n<p>&nbsp;<\/p>\n<p><a href=\"http:\/\/www.plmacademy.estg.ipleiria.pt\/files\/2014\/05\/Tecnomatix.jpg\"><img loading=\"lazy\" decoding=\"async\" class=\"aligncenter  wp-image-94\" alt=\"Tecnomatix\" src=\"http:\/\/www.plmacademy.estg.ipleiria.pt\/files\/2014\/05\/Tecnomatix.jpg\" width=\"813\" height=\"168\" \/><\/a><\/p>\n","protected":false},"excerpt":{"rendered":"<p>Tecnomatix \u00e9 um conjunto abrangente de solu\u00e7\u00f5es de produ\u00e7\u00e3o digital que oferecem inova\u00e7\u00e3o, permitindo a liga\u00e7\u00e3o de todas as \u00e1reas de fabrica\u00e7\u00e3o com a engenharia de produto &#8211; desde o layout, design, simula\u00e7\u00e3o e valida\u00e7\u00e3o de processo at\u00e9 \u00e0 execu\u00e7\u00e3o da produ\u00e7\u00e3o. &nbsp;<\/p>\n","protected":false},"author":76,"featured_media":0,"parent":25,"menu_order":3,"comment_status":"open","ping_status":"open","template":"","meta":{"footnotes":""},"class_list":["post-89","page","type-page","status-publish","hentry"],"_links":{"self":[{"href":"https:\/\/plmacademy.estg.ipleiria.pt\/index.php?rest_route=\/wp\/v2\/pages\/89","targetHints":{"allow":["GET"]}}],"collection":[{"href":"https:\/\/plmacademy.estg.ipleiria.pt\/index.php?rest_route=\/wp\/v2\/pages"}],"about":[{"href":"https:\/\/plmacademy.estg.ipleiria.pt\/index.php?rest_route=\/wp\/v2\/types\/page"}],"author":[{"embeddable":true,"href":"https:\/\/plmacademy.estg.ipleiria.pt\/index.php?rest_route=\/wp\/v2\/users\/76"}],"replies":[{"embeddable":true,"href":"https:\/\/plmacademy.estg.ipleiria.pt\/index.php?rest_route=%2Fwp%2Fv2%2Fcomments&post=89"}],"version-history":[{"count":4,"href":"https:\/\/plmacademy.estg.ipleiria.pt\/index.php?rest_route=\/wp\/v2\/pages\/89\/revisions"}],"predecessor-version":[{"id":96,"href":"https:\/\/plmacademy.estg.ipleiria.pt\/index.php?rest_route=\/wp\/v2\/pages\/89\/revisions\/96"}],"up":[{"embeddable":true,"href":"https:\/\/plmacademy.estg.ipleiria.pt\/index.php?rest_route=\/wp\/v2\/pages\/25"}],"wp:attachment":[{"href":"https:\/\/plmacademy.estg.ipleiria.pt\/index.php?rest_route=%2Fwp%2Fv2%2Fmedia&parent=89"}],"curies":[{"name":"wp","href":"https:\/\/api.w.org\/{rel}","templated":true}]}}